= 4*g - 9. Let q be h(g). Calculate the greatest common factor of q and 12.
6
Let h(o) = o**3 - 20*o**2 - 21*o - 30. Let f be h(21). Let p be (-702)/f - 0 - 4/10. What is the highest common factor of p and 299?
23
Suppose b + 2*c - 43 = 69, 3*c = -5*b + 588. What is the highest common factor of b and 920?
40
Let k be -32*10/(-28)*7. Let p be (k/25)/(1/45). What is the highest common factor of p and 18?
18
Suppose 3*v - 15 = 5*h, -14 = -5*v + 11. Let n(q) = 9*q + 32. Let k be n(h). Calculate the highest common divisor of 40 and k.
8
Suppose 91*c - 308 = 80*c. Let a = -136 - -374. Calculate the highest common divisor of c and a.
14
Suppose -6*t + 13876 + 30884 = 8544. Calculate the highest common factor of t and 12.
12
Let l be 0/(-2) - (11 - 14). Suppose -3*w - 4*q = -29, 2*w + 2*q - 23 = -5. Let b(o) = 3*o + 6. Let h be b(w). Calculate the greatest common divisor of l and h.
3
Suppose 3843*f = 3837*f + 7242. Calculate the highest common divisor of f and 51.
17
Suppose 0 = -2*j - 6, 2*d + j = 6*d - 2083. Calculate the greatest common factor of 90 and d.
10
Suppose 4*n + 26*c - 35 = 27*c, -4*c = -20. Calculate the highest common factor of n and 1465.
5
Let h = 45 + -41. Suppose h*x - 3 - 13 = 0. Let t(p) = p + 7. Let w be t(x). What is the greatest common factor of 22 and w?
11
Suppose -9*n - 4*u - 570 = -3900, -1850 = -5*n - 4*u. What is the greatest common divisor of n and 325?
5
Suppose 7*m + 7*m = 7462. Suppose 4*x - 4*v - 504 = 0, 2*v - m + 41 = -4*x. What is the highest common factor of x and 31?
31
Let k(m) = -87*m - 16032. Let o be k(-185). What is the greatest common factor of 3798 and o?
9
Let t = -1340 + 1534. Calculate the greatest common divisor of 4171 and t.
97
Let t = -30 - -35. Let g(m) = -m**3 + 7*m**2 - 9*m + 17. Let w be g(t). Let z = 15 + w. Calculate the greatest common divisor of z and 148.
37
Suppose 391*w - 386*w = 3*n - 136, -2*n - w + 56 = 0. Let l be -2 - (3/3 + -339). What is the greatest common factor of n and l?
16
Let l be (-14 - (15 - 32))/(2/12). Calculate the highest common divisor of 9063 and l.
9
Suppose -2*g - 3*p - 11 + 5 = 0, -3*g + 29 = -5*p. Let m(r) = 62*r**2 + 16*r - 12. Let u be m(g). Calculate the greatest common divisor of 22 and u.
22
Let w(m) = 6*m**3 - 347*m**2 - 48*m - 562. Let q be w(58). Let x be (-4 + 1)*(1 - 4). Calculate the highest common factor of x and q.
9
Suppose -461 = -292*o + 1850 + 6157. Suppose 0*t - t = 0. Suppose -2*r + 406 = -t*r. What is the greatest common divisor of o and r?
29
Let j be (40/(-6))/(-5)*-3 - -4. Suppose 4*r = i + i - 56, j = 3*r + i + 42. Let d be (-4008)/r - 4/14. What is the highest common divisor of 26 and d?
26
Suppose p - 22 = 4*m, -82 + 32 = -5*p + 5*m. Let h be 30/(-225) - (-122)/15. What is the greatest common factor of p and h?
2
Let z be (3/(-3))/(21 + (-10396)/495). What is the greatest common factor of z and 3780?
45
Let x = 5986 + 13138. Calculate the highest common factor of x and 28.
28
Suppose 4*m = 3*m + 4*d - 4, 4*d - 52 = -3*m. Suppose 9*g + 60 = m*g. What is the greatest common divisor of 190 and g?
10
Suppose 3*p = -p + 5*q - 3, 0 = 2*p + 4*q - 18. Suppose 12*w - 9*w - 5*g = 14, -p*w + 4*g = -19. What is the highest common factor of 2 and w?
1
Suppose -34*v - 3*v + 192549 = 16*v. Calculate the highest common factor of v and 173.
173
Suppose 5*t - 4*m = 49, 5 = -3*m + 17. Suppose -t*x = -10*x - 63. Calculate the greatest common divisor of 77 and x.
7
Let c = 432 - -309. Calculate the highest common divisor of c and 95.
19
Suppose 1747 = -11*z + 2363. Calculate the highest common factor of z and 1316.
28
Let m = 1855 - 1171. Suppose 0 = -10*l - 4371 + 5091. Calculate the greatest common factor of m and l.
36
Let p = -12079 - -12101. Let y(g) = -g**3 + 14*g**2 - 4*g + 4. Let m be y(7). Calculate the highest common factor of m and p.
11
Suppose -2*k - 5*t = 0, -4*k + 3*t + 12 = 7*t. Suppose -5*y = -3*x - k, 4*y = 3*y - 3*x + 1. Let s = y - -32. What is the greatest common divisor of s and 363?
33
Suppose -c + 8 = c. Suppose -6*j + 3*j + 42 = 3*l, 5*j - 46 = -3*l. Let s be 5/(2 - 18/l). What is the greatest common factor of s and c?
2
Let a be 1089/165*1*10. Suppose 4*o + 2*o - a = 0. What is the greatest common divisor of o and 418?
11
Let c(y) = -4*y**2 - 290*y - 3186. Let k be c(-14). Suppose -4*g + 20 = -0*g. Suppose -g*b - 50 = -10*b. Calculate the greatest common factor of b and k.
10
Let p be 6/(-30) + (-34)/5 - -18. Let j = -199 - -705. Calculate the greatest common factor of j and p.
11
Let m(s) = -9*s + 98. Let f be m(10). Calculate the highest common factor of 3 and f.
1
Let j(i) = i**2 + 40*i + 284. Let d be j(-31). Let v be 1*(6 - d) - 228/(-4). Calculate the greatest common divisor of 29 and v.
29
Let h(n) = -n**3 + 8*n**2 + 36*n - 43. Let l be h(9). Calculate the highest common factor of 2700 and l.
100
Let q be (-4 + 61 - 0)*1. Suppose 196 - 192 = 2*y. Suppose 5*h = -4*w + 2*h + q, 0 = y*w + 2*h - 28. What is the highest common factor of w and 165?
15
Suppose y - 44 = 4*j + 7, 3*j = y - 58. What is the highest common factor of y and 17854?
79
Let h = 5037 + -4773. Calculate the highest common factor of h and 224.
8
Let w(z) = -z**3 - 163*z**2 + 359*z + 4799. Let l be w(-165). Let d be -2*(-1)/2 - -265. Calculate the highest common divisor of l and d.
14
Let t(n) = 14*n - 638. Let b be t(62). Calculate the greatest common divisor of b and 1472.
46
Let b be (-1)/4 - 162/(-8). Let z be (-183)/5 - 150/(-250). Let u = z + 96. Calculate the greatest common divisor of b and u.
20
Suppose -5*r + 727 + 1373 = 3*x, -r + 437 = 4*x. Suppose -r = -3*j - 123. What is the highest common divisor of 14 and j?
14
Let z(p) = 3*p + 1. Let j be z(2). Suppose -10*n - 42 = -102. Suppose j*c - n*c = 15. What is the highest common factor of 60 and c?
15
Let d(k) = 184*k + 5. Let p(z) = -z**3 - 8*z**2 - 5*z + 15. Let j be p(-7). Let g be d(j). Calculate the highest common divisor of 7 and g.
7
Let f = 0 - -4. Suppose f*i = 7*i - 9, -3*q - 5*i + 78 = 0. What is the highest common divisor of q and 3?
3
Let j be -9 - 12/10*(-31155)/134. What is the greatest common factor of 297 and j?
27
Let v(l) = -9*l + 653. Let b be v(43). Let s(o) = -o**3 - 15*o**2 - 16*o + 10. Let w be s(-14). Calculate the highest common divisor of w and b.
38
Suppose 2 = -4*f + 18. Let d(w) = f*w**2 + 19*w**2 + 5*w**3 - 16 - 14*w - 3*w**3. Let p be d(-12). What is the highest common factor of p and 72?
8
Let y be 5 - ((-6435)/12 - (-33)/(-44)). Suppose y*l - 76 = 540*l. Let s(g) = 31*g + 2. Let v be s(3). What is the highest common divisor of v and l?
19
Let p = 232 + -114. Suppose -p - 8 = -6*f. Let r be 64/3 - 7/f. What is the greatest common divisor of 63 and r?
21
Let s = 29140 + -28939. Suppose 0 = 3*m - 72 - 129. What is the greatest common factor of s and m?
67
Let c(s) = 4*s**3 + s**2 - s. Let g be c(1). Let d = -39 + 71. Let m be (0 + (-15)/(-4))/(6/d). Calculate the highest common divisor of m and g.
4
Suppose 27*g + 8 = 29*g. Suppose -19 - 13 = 2*f - g*v, 3*v - 6 = 0. Let l be (-1 - f/9)/((-1)/(-66)). What is the highest common factor of l and 110?
22
Suppose -3*m + 3*x = m, 5*m + 4*x + 31 = 0. Let f(b) = 2*b + 9. Let y be f(m). What is the greatest common factor of 87 and y?
3
Let l = 35086 - 8829. Calculate the greatest common divisor of l and 217.
217
Let p = 28 - 100. Let f be ((-134)/8)/((99/p)/11). What is the highest common factor of 67 and f?
67
Let l(j) = -52*j - 4813. Let n be l(-93). What is the greatest common divisor of 1219 and n?
23
Let i(d) = 2*d**2 + d. Let g be i(-6). Suppose -r = b - 4, -2*b = -5*r + 3*b. Let v be (r - 0)/((-2)/(-6)). What is the greatest common divisor of g and v?
6
Let q = -138 - -480. Calculate the greatest common divisor of q and 18.
18
Let c(i) = i**3 + 6*i**2 + 7*i + 4. Let u be c(-4). Suppose -8489 = -14*v + 11979. Let q = v + -1382. Calculate the highest common divisor of u and q.
8
Suppose 23*x + 369 = 32*x. Suppose 0 = 14*o - 617 - x. What is the greatest common divisor of o and 611?
47
Suppose 4*h = 3*h, 0 = -4*g - 5*h + 8. Suppose g*a - 13 = 75. Suppose -2*w = 5*w - 28. What is the greatest common divisor of a and w?
4
Suppose -n + 105 = 4*k, -10*k + 5*n + 150 = -5*k. Suppose 0 = 23*x - k*x + 1220. What is the highest co